{"id":477,"date":"2017-12-13T12:56:26","date_gmt":"2017-12-13T11:56:26","guid":{"rendered":"http:\/\/www.alterlivres.com\/librairie\/?page_id=477"},"modified":"2025-12-05T16:57:05","modified_gmt":"2025-12-05T15:57:05","slug":"horaires","status":"publish","type":"page","link":"https:\/\/www.alterlivres.com\/librairie\/contact\/horaires\/","title":{"rendered":"Horaires"},"content":{"rendered":"<h4>La librairie est ouverte toute l&rsquo;ann\u00e9e<\/h4>\n<h4>DU MERCREDI AU SAMEDI :<\/h4>\n<p>10h\/13h &#8211; 15h\/19h.<\/p>\n<h2>Du 3 d\u00e9cembre au 24 d\u00e9cembre :<\/h2>\n<p>&#8211; ouverture <strong>tous les jours<\/strong> de 10h \u00e0 13h et de 15h \u00e0 19h<br \/>\n&#8211; journ\u00e9es continues (10h-19h) les samedis 6, 13 et 20 d\u00e9cembre<br \/>\n&#8211; journ\u00e9es continues (10h-19h) les 22, 23 et 24 d\u00e9cembre<\/p>\n<p>FERMETURE le 25 d\u00e9cembre, r\u00e9ouverture le 26, 27 et 30, 31<\/p>\n<h4><\/h4>\n<h4><\/h4>\n<h2><\/h2>\n<h3><\/h3>\n","protected":false},"excerpt":{"rendered":"<p>La librairie est ouverte toute l&rsquo;ann\u00e9e DU MERCREDI AU SAMEDI : 10h\/13h &#8211; 15h\/19h. Du 3 d\u00e9cembre au 24 d\u00e9cembre : &#8211; ouverture tous les jours de 10h \u00e0 13h et de 15h \u00e0 19h &#8211; journ\u00e9es continues (10h-19h) les samedis 6, 13 et 20 d\u00e9cembre &#8211; journ\u00e9es continues (10h-19h) les 22, 23 et 24&hellip; <\/p>\n","protected":false},"author":1,"featured_media":0,"parent":217,"menu_order":0,"comment_status":"closed","ping_status":"closed","template":"","meta":{"footnotes":""},"class_list":["post-477","page","type-page","status-publish","hentry"],"_links":{"self":[{"href":"https:\/\/www.alterlivres.com\/librairie\/wp-json\/wp\/v2\/pages\/477","targetHints":{"allow":["GET"]}}],"collection":[{"href":"https:\/\/www.alterlivres.com\/librairie\/wp-json\/wp\/v2\/pages"}],"about":[{"href":"https:\/\/www.alterlivres.com\/librairie\/wp-json\/wp\/v2\/types\/page"}],"author":[{"embeddable":true,"href":"https:\/\/www.alterlivres.com\/librairie\/wp-json\/wp\/v2\/users\/1"}],"replies":[{"embeddable":true,"href":"https:\/\/www.alterlivres.com\/librairie\/wp-json\/wp\/v2\/comments?post=477"}],"version-history":[{"count":34,"href":"https:\/\/www.alterlivres.com\/librairie\/wp-json\/wp\/v2\/pages\/477\/revisions"}],"predecessor-version":[{"id":1864,"href":"https:\/\/www.alterlivres.com\/librairie\/wp-json\/wp\/v2\/pages\/477\/revisions\/1864"}],"up":[{"embeddable":true,"href":"https:\/\/www.alterlivres.com\/librairie\/wp-json\/wp\/v2\/pages\/217"}],"wp:attachment":[{"href":"https:\/\/www.alterlivres.com\/librairie\/wp-json\/wp\/v2\/media?parent=477"}],"curies":[{"name":"wp","href":"https:\/\/api.w.org\/{rel}","templated":true}]}}