{"id":4,"date":"2016-08-12T15:25:50","date_gmt":"2016-08-12T14:25:50","guid":{"rendered":"http:\/\/www.alterlivres.com\/librairie\/home\/"},"modified":"2026-04-07T09:19:44","modified_gmt":"2026-04-07T08:19:44","slug":"home","status":"publish","type":"page","link":"https:\/\/www.alterlivres.com\/librairie\/","title":{"rendered":""},"content":{"rendered":"<div class=\"wp-block-image\">\n<figure class=\"aligncenter size-large is-resized\"><img loading=\"lazy\" decoding=\"async\" width=\"728\" height=\"1024\" src=\"https:\/\/www.alterlivres.com\/librairie\/wp-content\/uploads\/2026\/04\/Affiche-rencontre-Pauline-Chanu-Alterlivres-2-728x1024.png\" alt=\"\" class=\"wp-image-1881\" style=\"aspect-ratio:0.7070332509278086;width:591px;height:auto\" srcset=\"https:\/\/www.alterlivres.com\/librairie\/wp-content\/uploads\/2026\/04\/Affiche-rencontre-Pauline-Chanu-Alterlivres-2-728x1024.png 728w, https:\/\/www.alterlivres.com\/librairie\/wp-content\/uploads\/2026\/04\/Affiche-rencontre-Pauline-Chanu-Alterlivres-2-213x300.png 213w, https:\/\/www.alterlivres.com\/librairie\/wp-content\/uploads\/2026\/04\/Affiche-rencontre-Pauline-Chanu-Alterlivres-2-768x1080.png 768w, https:\/\/www.alterlivres.com\/librairie\/wp-content\/uploads\/2026\/04\/Affiche-rencontre-Pauline-Chanu-Alterlivres-2-1092x1536.png 1092w, https:\/\/www.alterlivres.com\/librairie\/wp-content\/uploads\/2026\/04\/Affiche-rencontre-Pauline-Chanu-Alterlivres-2.png 1422w\" sizes=\"auto, (max-width: 728px) 100vw, 728px\" \/><\/figure>\n<\/div>\n\n\n<p class=\"has-text-align-center\"><\/p>\n\n\n\n<hr class=\"wp-block-separator has-css-opacity is-style-wide\"\/>\n\n\n\n<p><\/p>\n\n\n\n<hr class=\"wp-block-separator has-css-opacity is-style-wide\"\/>\n\n\n\n<figure class=\"wp-block-gallery has-nested-images columns-default is-cropped wp-block-gallery-1 is-layout-flex wp-block-gallery-is-layout-flex\">\n<figure class=\"wp-block-image size-large\"><img loading=\"lazy\" decoding=\"async\" width=\"1000\" height=\"587\" data-id=\"1367\" src=\"http:\/\/www.alterlivres.com\/librairie\/wp-content\/uploads\/2022\/10\/20221015_150839-scaled-e1665842818645.jpg\" alt=\"\" class=\"wp-image-1367\" srcset=\"https:\/\/www.alterlivres.com\/librairie\/wp-content\/uploads\/2022\/10\/20221015_150839-scaled-e1665842818645.jpg 1000w, https:\/\/www.alterlivres.com\/librairie\/wp-content\/uploads\/2022\/10\/20221015_150839-scaled-e1665842818645-300x176.jpg 300w, https:\/\/www.alterlivres.com\/librairie\/wp-content\/uploads\/2022\/10\/20221015_150839-scaled-e1665842818645-768x451.jpg 768w\" sizes=\"auto, (max-width: 1000px) 100vw, 1000px\" \/><\/figure>\n\n\n\n<figure class=\"wp-block-image size-large\"><img loading=\"lazy\" decoding=\"async\" width=\"992\" height=\"572\" data-id=\"1366\" src=\"http:\/\/www.alterlivres.com\/librairie\/wp-content\/uploads\/2022\/10\/20221015_150919-scaled-e1665842840272.jpg\" alt=\"\" class=\"wp-image-1366\" srcset=\"https:\/\/www.alterlivres.com\/librairie\/wp-content\/uploads\/2022\/10\/20221015_150919-scaled-e1665842840272.jpg 992w, https:\/\/www.alterlivres.com\/librairie\/wp-content\/uploads\/2022\/10\/20221015_150919-scaled-e1665842840272-300x173.jpg 300w, https:\/\/www.alterlivres.com\/librairie\/wp-content\/uploads\/2022\/10\/20221015_150919-scaled-e1665842840272-768x443.jpg 768w\" sizes=\"auto, (max-width: 992px) 100vw, 992px\" \/><\/figure>\n<\/figure>\n\n\n\n<hr class=\"wp-block-separator has-css-opacity is-style-wide\"\/>\n\n\n\n<p>C\u2019est dans le bas du village de Sauve, \u00e0 cent m\u00e8tres de la place Florian, dans une cour cach\u00e9e, en retrait de la rue, dans les locaux qui autrefois abritaient une usine de bonneterie, entre une coop\u00e9rative d\u2019\u00e9co-artisans du b\u00e2timent et un souffleur de verre de renomm\u00e9e, que tout naturellement, alterlivres a trouv\u00e9 sa place.<\/p>\n\n\n<div class=\"wp-block-image\">\n<figure class=\"aligncenter is-resized\"><a href=\"http:\/\/www.alterlivres.com\/librairie\/wp-content\/uploads\/2017\/12\/DSC_2574-e1532108808332.jpg\"><img loading=\"lazy\" decoding=\"async\" width=\"1024\" height=\"683\" src=\"http:\/\/www.alterlivres.com\/librairie\/wp-content\/uploads\/2017\/12\/DSC_2574-1024x683.jpg\" alt=\"\" class=\"wp-image-452\" style=\"width:414px;height:275px\"\/><\/a><\/figure>\n<\/div>\n\n\n<p>Les m\u00e9tiers du livre ont plus qu\u2019une affinit\u00e9 avec l\u2019artisanat. Penser, trouver, pr\u00e9parer, \u00e9diter, fabriquer, un livre, sont des activit\u00e9s qui \u00e9chappent au faire industriel. Il s\u2019agit de suites de gestes et d\u2019actions, toutes sp\u00e9cifiques, particuli\u00e8res, d\u00e9di\u00e9es chaque fois \u00e0 quelque chose de diff\u00e9rent, chaque livre \u00e9tant unique, m\u00eame si, au final, il est produit en quantit\u00e9.<\/p>\n\n\n\n<p>Proposer des livres est par ailleurs un travail tr\u00e8s subjectif, consistant \u00e0 chercher, choisir, trouver, obtenir, puis \u00e0 pr\u00e9senter les trouvailles, perles et surprises au public. La volont\u00e9 de s\u2019installer dans un village est n\u00e9e de la conviction que la circulation des livres est plus naturelle quand elle prend son temps, son vrai rythme, celui qui permet une approche attentive \u00e0 la multitude d\u2019\u0153uvres pr\u00e9sent\u00e9s, qu\u2019il s\u2019agisse des nouveaut\u00e9s comme des titres de fond.<\/p>\n\n\n\n<p>Alterlivres c\u2019est un choix d\u00e9cal\u00e9 de livres en tous genres, un m\u00e9lange qui va de l\u2019Histoire aux r\u00e9cits d\u2019aventure, de la litt\u00e9rature dessin\u00e9e aux beaux livres illustr\u00e9s propos\u00e9s \u00e0 des prix surprenants, du roman noir \u00e0 la litt\u00e9rature mal \u00e9lev\u00e9e. Et aussi des essais et des pamphlets pour y voir plus clair dans ce qui se passe dans le monde, sans oublier des livres pour enfants choisis avec soin.<\/p>\n\n\n\n<hr class=\"wp-block-separator has-css-opacity\"\/>\n\n\n\n<hr class=\"wp-block-separator has-css-opacity is-style-wide\"\/>\n\n\n\n<h3 class=\"wp-block-heading\"><strong>Les derniers livres conseill\u00e9s<\/strong><\/h3>\n\n\n\n\n\n\n<hr class=\"wp-block-separator has-css-opacity\"\/>\n\n\n\n<hr class=\"wp-block-separator has-css-opacity\"\/>\n\n\n\n<h3 class=\"wp-block-heading\"><\/h3>\n\n\n<p>[slideshow_deploy id=&rsquo;245&prime;]<\/p>\n\n\n\n\n\n<p>LIVRES COMMERCE SAUVE GALERIE BD MAGASIN CULTURE EXPO JEUNESSE ROMANS GARD LIVRES GARRIGUE CEVENNES TOURISME ESSAIS JEUX ART LECTURE NATURE PIEMONT CEVENOL<\/p>\n","protected":false},"excerpt":{"rendered":"<p>C\u2019est dans le bas du village de Sauve, \u00e0 cent m\u00e8tres de la place Florian, dans une cour cach\u00e9e, en retrait de la rue, dans les locaux qui autrefois abritaient une usine de bonneterie, entre une coop\u00e9rative d\u2019\u00e9co-artisans du b\u00e2timent et un souffleur de verre de renomm\u00e9e, que tout naturellement, alterlivres a trouv\u00e9 sa place.&hellip; <\/p>\n","protected":false},"author":1,"featured_media":102,"parent":0,"menu_order":0,"comment_status":"closed","ping_status":"closed","template":"","meta":{"footnotes":""},"class_list":["post-4","page","type-page","status-publish","has-post-thumbnail","hentry"],"_links":{"self":[{"href":"https:\/\/www.alterlivres.com\/librairie\/wp-json\/wp\/v2\/pages\/4","targetHints":{"allow":["GET"]}}],"collection":[{"href":"https:\/\/www.alterlivres.com\/librairie\/wp-json\/wp\/v2\/pages"}],"about":[{"href":"https:\/\/www.alterlivres.com\/librairie\/wp-json\/wp\/v2\/types\/page"}],"author":[{"embeddable":true,"href":"https:\/\/www.alterlivres.com\/librairie\/wp-json\/wp\/v2\/users\/1"}],"replies":[{"embeddable":true,"href":"https:\/\/www.alterlivres.com\/librairie\/wp-json\/wp\/v2\/comments?post=4"}],"version-history":[{"count":173,"href":"https:\/\/www.alterlivres.com\/librairie\/wp-json\/wp\/v2\/pages\/4\/revisions"}],"predecessor-version":[{"id":1882,"href":"https:\/\/www.alterlivres.com\/librairie\/wp-json\/wp\/v2\/pages\/4\/revisions\/1882"}],"wp:featuredmedia":[{"embeddable":true,"href":"https:\/\/www.alterlivres.com\/librairie\/wp-json\/wp\/v2\/media\/102"}],"wp:attachment":[{"href":"https:\/\/www.alterlivres.com\/librairie\/wp-json\/wp\/v2\/media?parent=4"}],"curies":[{"name":"wp","href":"https:\/\/api.w.org\/{rel}","templated":true}]}}